5. Let r = v + 0. Let f(i) = -i**3 + i - 5. What is f(r)?
-5
Let d(l) = -l**2 + 4*l - 4. Let g be (6/(-5))/(6/(-80)). Suppose 4*z = -g, c = -4*c - 4*z + 9. Determine d(c).
-9
Let c(r) = 0 + 0*r + 4*r - 1 - 3*r. Calculate c(4).
3
Let t(n) = -2 - 4 - 2*n + 4. Let r(p) be the first derivative of p**4/4 - 8*p**3/3 + 3*p**2 + 10*p + 2. Let s be r(7). Calculate t(s).
-8
Let t(r) be the third derivative of -r**5/20 - r**4/24 + r**3/6 + 6*r**2. What is t(-2)?
-9
Let s(g) be the third derivative of -g**6/15 - g**5/60 + g**3/6 + 7*g**2. Give s(1).
-8
Let t(v) be the second derivative of v + 3*v**2 + 0 - 1/6*v**3. Determine t(5).
1
Suppose 6*x = 2*x. Let g(d) = 0*d + d**2 - 2 + x + d + d. Give g(-3).
1
Let v(y) = -8*y**3 - y**2 - 6*y**3 - 6 + 6*y + 5*y**3. Let q(f) = -f + 1. Let w(r) = 6*q(r) + v(r). Let n be 4/(-6)*18/(-12). Give w(n).
-10
Let a(z) = z**2 + 9*z + 5. Let i be a(-9). Let x(g) = -g**3 + 3*g**2 + 4*g - 1. Let n(l) = l**2 - 1. Let u(v) = n(v) + x(v). What is u(i)?
-7
Let l(r) = 6*r**3 - 2*r**2 + 6*r - 2. Let c(k) = -5*k**3 + k**2 - 5*k + 2. Let h(g) = -5*c(g) - 4*l(g). Determine h(-3).
-5
Let j(a) be the second derivative of a**5/20 + a**4/2 + 5*a**3/6 + 3*a**2 - a + 7. Let k be 0 + -5 + 0/(-2). Determine j(k).
6
Suppose -31*d + 16*d + 30 = 0. Let q(p) = p**2 + 1. Let i(j) = j**2 + 2. Let w(u) = -i(u) + 2*q(u). Give w(d).
4
Let o be (-2 + 4/8)*-2. Suppose -2*k = -0*k + 4*q + 14, 4*k + 12 = -4*q. Let w(x) = x - 3 - k + 5. Give w(o).
4
Let m(i) = i**2 - 8*i + 1. Let d(t) = -7*t + 1. Let c be 87/(-15) + 2/(-10). Let w(l) = c*d(l) + 5*m(l). Let z = 0 + 1. Determine w(z).
6
Let h(a) = a**2 - 20*a + 12*a + 6 + 2. Determine h(6).
-4
Let a = 4 + -1. Let y be a/6*(-12)/(-2). Let g(v) = -v**3 + 3*v**2 + 3*v - 2. Give g(y).
7
Let w be 4/1*(-3)/4. Let h be (-2 + -1)/(0 + w). Let b(f) = 2*f - 7 + h + 0. What is b(4)?
2
Let q(k) = k - 5. Suppose 0*r = 3*r - 6. Suppose -2*i = 3*n - 4*n + 11, -4*n + 20 = -2*i. Suppose -n*b + r*b = -4. Give q(b).
-1
Suppose -4*y = 4*s + 4, -6 = 4*y + 5*s + 1. Let m(g) = -g**3 + 2*g**2 + g. What is m(y)?
2
Suppose 0 = f + x + 3*x - 17, -f - 23 = -4*x. Let s(n) be the first derivative of n**2/2 - 3*n + 8. Calculate s(f).
-6
Let b(g) = -g**2 + 7*g + 2. Suppose 3 = 3*y - 0. Let a be ((-1)/4)/(y/(-28)). Calculate b(a).
2
Let z(m) = -m**2 + 5*m + 5. Suppose 4*d - 7 = 1, 5*d + 5 = 3*b. Determine z(b).
5
Let o = 45 + -42. Let k(v) = -2*v - 4. Calculate k(o).
-10
Let x = 15 - 10. Suppose 7 - 2 = -v, -4*v - 20 = 4*i. Let a(c) = 2*c + 4 - c + i. Calculate a(x).
9
Let g(t) be the first derivative of -t**4/4 + t**3/3 - t**2/2 - 11*t - 5. Give g(0).
-11
Suppose 0 = -3*v - 12, -2*p - 2*v = 4 + 2. Let a(m) = 6*m**2 + 2*m - 1. Calculate a(p).
7
Let m(t) = -t**3 - 2*t**2 + t. Let q be m(-3). Suppose 3*j = -3*p + 6, j + j + p = q. Let f(u) = u**2 - 4*u + 6. What is f(j)?
6
Let j(m) = -m - 1. Let s(o) = 3*o + 6. Suppose -2*d + 18 = -2*p, 0 = -p - 0 - 3. Let t(c) = d*j(c) + s(c). Calculate t(3).
-9
Let s(w) = w**2 + 0*w**2 - w**3 + w**2 + 2 - w. What is s(2)?
0
Let v(r) be the third derivative of -r**6/120 - r**5/10 + r**4/4 + 2*r**2. Give v(-7).
7
Let b(q) = q. Let z = 9 - 9. Determine b(z).
0
Let u(t) be the first derivative of -t**4/6 - t**3/6 - t**2/2 + 2*t - 3. Let i(o) be the first derivative of u(o). Calculate i(-1).
-2
Let c(f) = -2*f**3 - 3*f**2 + 4*f + 3. Suppose 0 + 6 = -2*y. What is c(y)?
18
Let u(q) = -29*q**2 + 5*q - 9. Let f(o) = -15*o**2 + 3*o - 5. Let a(n) = -7*f(n) + 4*u(n). Give a(-1).
-11
Let v(f) be the third derivative of -f**5/12 - f**4/24 + 3*f**2. Let t(l) = -4*l**2 - l. Let r(w) = 7*t(w) - 6*v(w). Give r(1).
1
Let q(u) = 4*u**2 + 1. Let z(t) = 1 - 3*t + 0 - 2*t**2 + 3*t**2. Let w be z(2). Let v be q(w). Let x(r) = r**3 - 6*r**2 + 4*r + 7. What is x(v)?
2
Let h(f) be the first derivative of f**4/4 - f**3 - 3*f**2/2 - 3*f + 10. What is h(4)?
1
Let h(l) = l**3 + 5*l**2 - 2. Let b = -1 + 1. Suppose 0 = -2*j - b - 10. Give h(j).
-2
Let v(o) be the third derivative of o**7/2520 - o**6/240 - o**5/24 + 7*o**4/12 - 2*o**2. Let d(i) be the second derivative of v(i). Let c = -2 - -6. Give d(c).
-1
Let n(p) = p**2 - 7*p + 5. Suppose 2 + 18 = 4*t. Give n(t).
-5
Let y(q) be the second derivative of 0*q**3 - 7/20*q**5 - 5*q + 0 - 1/2*q**2 + 1/6*q**4. What is y(-1)?
8
Let b(t) = -t**3 - 5*t**2 + 8*t + 2. Let i(f) = f**3 - 9*f**2 + 11*f + 15. Let h be i(7). Give b(h).
-10
Suppose -t - 4*g = -0*t + 15, -5*t - 2*g = 3. Let o(a) = a**3 - 2*a**2 + 2*a - 1. Give o(t).
0
Let a(q) = q + 6. Let p(r) be the first derivative of r**2/2 - 3*r - 3. Let x be p(3). Let j be (x/2)/(-8 - -7). Determine a(j).
6
Let r(d) = -d + 2. Let m(g) = 4*g + 14. Let u be m(-3). Give r(u).
0
Suppose 0 = 5*z - 6*z. Let l(n) = n. Calculate l(z).
0
Let h = -8 + 4. Let m = h + 4. Let k(s) = -5 + s**2 - 5 + 6 - s + s**3. What is k(m)?
-4
Let r(k) = -4*k**2 + 3*k + 3. Let t(p) = 7*p**2 - 5*p - 5. Let d(h) = 5*r(h) + 3*t(h). Give d(2).
4
Let h(n) be the first derivative of 3 - 2*n + 1/2*n**2 - 1/3*n**3 - 1/4*n**4. Let x(i) = -i**3 - 2*i**2 - 2*i - 1. Let k be x(-1). Calculate h(k).
-2
Let z(p) be the second derivative of p**4/12 + 7*p**3/6 + 9*p**2/2 - 5*p. Determine z(-6).
3
Let s(t) = 41 + 5*t - 47 - 4*t. What is s(6)?
0
Let q(m) = -m**2 + 10*m - 1. Let f be q(10). Let h(n) be the first derivative of 4*n**3/3 - n - 5. What is h(f)?
3
Let s(g) be the second derivative of 0 + 3*g**2 - 1/6*g**3 + 2*g. Determine s(6).
0
Let g be (3/2)/((-8)/(-32)). Let l(o) = o**3 - 5*o**2 - 6*o - 1. Calculate l(g).
-1
Let g(o) = 4*o**2 - 3 - 5*o - 1 - 2*o**2 - o**2. Let i be ((-8)/4)/(2/(-4)). Determine g(i).
-8
Let m(i) = i**2 - 1. Let v = 47 + -49. Determine m(v).
3
Let r be 5*(-4)/12*-3. Let j(s) = -s + 3. What is j(r)?
-2
Let h(u) = u**3 - 6*u**2 + 2*u - 9. Let g be h(6). Let v = 6 - g. Suppose -5 = -5*o - l + 7, 0 = v*o + 4*l - 14. Let m(j) = -3*j**2 + 3*j. What is m(o)?
-6
Suppose -3*p = -0*r + 3*r - 3, -5*p = r - 21. Let j(o) = -o**2 - 9*o - 4. Determine j(r).
16
Let u(n) = n - 4 + 0 + 4*n - n**2. Let m(z) = -z**2 - 12*z - 5. Let l be m(-11). Let f = -1 + l. Give u(f).
-4
Suppose -k - 1 = 5*u, 2*u + 21 = 4*k - 3*u. Suppose 3*r = k*r + 3. Let t(l) = l**3 - 2*l**3 + 4*l + 3*l**3 + 2 - l**3 + 3*l**2. Determine t(r).
-10
Let v(j) = 7*j**3 - j**2 - 8*j - 2. Suppose -16 = 5*c - 1. Let p(b) = -4*b**3 + 4*b + 1. Suppose 0 = 5*t - 4*t + 5. Let x(l) = c*v(l) + t*p(l). Give x(4).
1
Let v(s) be the first derivative of -s + 1/3*s**3 + 0*s**2 - 1/4*s**4 + 4. Give v(1).
-1
Let l(r) be the third derivative of -r**4/24 - 5*r**3/6 + r**2. Let p(w) = w**2 + 4*w - 4. Let n be 3/(3 - 6) + -3. Let v be p(n). Determine l(v).
-1
Suppose 2*v + 0 = -2. Let j = -6 - -13. Let s(o) = -4 + j*o + 3 + 0 - o. Determine s(v).
-7
Let c be ((-3)/3 + 2)*5. Let x(k) = 2*k + c*k - 2*k + 3 - k. Give x(-4).
-13
Let b(z) = -20*z + 0 + 15*z + z**2 - 11 + 4. Determine b(6).
-1
Let s be (-24)/(-16)*(-16)/(-6). Let t be (-24)/(-14) - s/(-14). Let h(z) = 2*z**2 + 2*z - 2. Determine h(t).
10
Suppose -6*u + 7*u = 1. Let o(z) be the second derivative of -z**4/3 + z**3/6 - z**2/2 + 2*z. What is o(u)?
-4
Suppose b = -5 + 7. Let g(d) = -3 - 2 + 0 + 4*d - d**b + 2*d. Calculate g(6).
-5
Let z(b) = -3*b - 4. Suppose 0 = -6*r + 3*r. Suppose 4*m = -r + 12. Give z(m).
-13
Let q(p) = 4*p + 5. Let o(w) = -4*w - 6. Let l(u) = 4*o(u) + 5*q(u). Calculate l(-3).
-11
Let b(z) = -5*z**3 + z**2 + z + 1. Let d = -7 + 7. Let p be (-2 - -1) + d/2. Give b(p).
6
Let w(j) = j + 2. Let t(s) = -2*s - 3. Let u(a) = 2*t(a) + 3*w(a). Determine u(0).
0
Let w(j) = j**3 + 5*j**2 + j - 3. Let t = 31 + -35. Give w(t).
9
Let r(h) = 2*h**3 - 1 + 3 - h**3 - h. Let j(f) = -f**2 - f + 1. Let g be j(-2). Let t(y) = -2*y. Let k be t(g). Give r(k).
8
Suppose 4 + 0 = -w. Let u(k) = -k - 8. Give u(w).
-4
Let f be (20/35)/((-2)/(-7)). Let x be f*(-3)/6*4. Let b(a) = a**3 + 4*a**2 - 3*a - 6. Give b(x).
6
Let f be 2*3/(2 - 8). Let l = -2 - -5. Let j(s) = l*s + 5*s**2 + s**2 - 4*s. Give j(f).
7
Let q(u) = -u - 4. Let r = 3 + -1. Suppose 4 = 3*l + r*v, -2*v = 6 + 2. Give q(l).
-8
Let f be (3 - (-23)/(-7)) + 44/7. Let o(t) = t**3 - 7*t**2 + 5*t. Calculate o(f).
-6
Suppose -5*j - q + 3*q - 25 = 0, 5*q - 10 = 2*j. Let f = -3 - j. Let x(p) = -p + p**2 + p**2 + 6*p**f. Determine x(